
False
Is 238844693 composite?
False
Is 12902317 a composite number?
False
Is 1198679 a composite number?
False
Is 1060391 composite?
False
Is 744323 composite?
True
Is 154110563 composite?
True
Is 527634631 a prime number?
False
Is 353262121 prime?
False
Is 9323497 a composite number?
True
Is 1970443 a prime number?
False
Is 1401359 a composite number?
True
Is 458355779 a prime number?
False
Is 289395142 prime?
False
Is 32291591 a composite number?
True
Is 1022467 a prime number?
True
Is 5537821 composite?
True
Is 8139559 a prime number?
False
Is 3596839 a composite number?
True
Is 2874169 a composite number?
False
Is 15345167 a composite number?
True
Is 487303 prime?
True
Is 208650361 a composite number?
False
Is 10752367 prime?
True
Is 3031447781 prime?
True
Is 404807 a prime number?
False
Is 98136397 a composite number?
False
Is 5213773 prime?
True
Is 40705099 prime?
True
Is 140215223 composite?
False
Is 628477 a composite number?
False
Is 4329733 a prime number?
True
Is 79694737 a prime number?
True
Is 2020019 a prime number?
True
Is 7534873 composite?
True
Is 3310829 composite?
False
Is 711348161 composite?
False
Is 6091969 a composite number?
True
Is 85363513 a prime number?
False
Is 21154279 composite?
True
Is 1502621 composite?
False
Is 323837203 a composite number?
False
Is 1627459 prime?
True
Is 1497341 a prime number?
True
Is 63595729 composite?
False
Is 570067961 a prime number?
False
Is 155296811 prime?
False
Is 751181 a composite number?
False
Is 57257377 prime?
False
Is 19668313 composite?
True
Is 5645399 a prime number?
False
Is 3828535 composite?
True
Is 100886651 a composite number?
True
Is 10924681 a prime number?
True
Is 4128727 a prime number?
False
Is 4846711 prime?
False
Is 278864089 composite?
True
Is 4439167 a prime number?
True
Is 59863 a composite number?
False
Is 31615989 a prime number?
False
Is 22772149 composite?
False
Is 876599 a prime number?
False
Is 1433549 a composite number?
True
Is 77472443 composite?
True
Is 35233819 prime?
False
Is 87455513 a composite number?
False
Is 502929397 a prime number?
False
Is 10641166 a prime number?
False
Is 1857091 composite?
False
Is 384277 a composite number?
False
Is 34746823 a prime number?
True
Is 3826439 composite?
False
Is 4289471 prime?
True
Is 138009527 prime?
True
Is 9302845 composite?
True
Is 3615167 prime?
True
Is 9223733 prime?
True
Is 28270061 prime?
False
Is 10308693 a prime number?
False
Is 181499 a prime number?
True
Is 9438883 a prime number?
True
Is 32400047 prime?
False
Is 5065867 a composite number?
True
Is 14456759 a prime number?
True
Is 1107153701 a composite number?
True
Is 90544741 a prime number?
False
Is 13066709 a composite number?
False
Is 943447 a composite number?
True
Is 36944657 prime?
False
Is 10357 a prime number?
True
Is 87853985 composite?
True
Is 5042101 prime?
False
Is 9801103 prime?
False
Is 6672997 a composite number?
False
Is 7375213 composite?
False
Is 36948829 a composite number?
True
Is 1085719 prime?
True
Is 119951563 a composite number?
True
Is 5973187 prime?
False
Is 265957 prime?
True
Is 7825585 a composite number?
True
Is 40688618 a composite number?
True
Is 6402839 prime?
True
Is 16996403 composite?
False
Is 2558161 prime?
False
Is 77765137 composite?
True
Is 78997027 prime?
False
Is 2462513 composite?
False
Is 15888419 composite?
False
Is 544399 a composite number?
False
Is 1652709 composite?
True
Is 11645767 composite?
True
Is 5799041 composite?
False
Is 1503179 a prime number?
False
Is 394515699 prime?
False
Is 5895479 a prime number?
True
Is 2829133 a prime number?
True
Is 411181 a prime number?
False
Is 722899 a composite number?
False
Is 5253873 a prime number?
False
Is 3951023 a composite number?
False
Is 9478709 prime?
False
Is 50691401 prime?
True
Is 183191 composite?
False
Is 3731393 a composite number?
False
Is 48735595 prime?
False
Is 26980079 prime?
False
Is 8700641 a prime number?
False
Is 342973 composite?
True
Is 367742977 prime?
False
Is 4995503 a composite number?
False
Is 6712631 a composite number?
False
Is 69303785 a composite number?
True
Is 353164339 a prime number?
False
Is 98408383 a prime number?
True
Is 20745119 composite?
False
Is 3284011 composite?
True
Is 47306137 composite?
False
Is 22940537 composite?
True
Is 535161383 a composite number?
False
Is 74115443 a prime number?
True
Is 411323699 a composite number?
False
Is 4565009 composite?
True
Is 40022 prime?
False
Is 2273911 a prime number?
True
Is 146374903 prime?
True
Is 12215783 prime?
False
Is 8228401 a composite number?
False
Is 25761769 a composite number?
True
Is 37929337 composite?
True
Is 36783217 composite?
True
Is 8563913 a composite number?
True
Is 4446037 a prime number?
True
Is 32621933 a prime number?
True
Is 70263051 a prime number?
False
Is 362469 a composite number?
True
Is 266301011 composite?
True
Is 9338237 a prime number?
True
Is 57252001 a prime number?
True
Is 176276561 composite?
False
Is 17423269 prime?
False
Is 174391331 composite?
False
Is 51067671 composite?
True
Is 698989 composite?
True
Is 410651417 a composite number?
True
Is 1446631 prime?
False
Is 4194103 prime?
True
Is 30374999 a composite number?
True
Is 28256981 composite?
False
Is 3607183 a composite number?
False
Is 212501 a prime number?
True
Is 31547981 a composite number?
False
Is 17530993 composite?
True
Is 478182317 a composite number?
True
Is 5871983 a prime number?
False
Is 13540889 a composite number?
False
Is 20786401 composite?
True
Is 9670099 a composite number?
False
Is 7642885 a prime number?
False
Is 38324893 composite?
True
Is 86728783 a composite number?
True
Is 3007049 composite?
False
Is 2986597 composite?
True
Is 38358149 a composite number?
False
Is 13117679 a prime number?
True
Is 5745583 composite?
False
Is 24066439 a composite number?
False
Is 125712677 a composite number?
False
Is 13754167 prime?
False
Is 4143101 composite?
False
Is 2301583 a composite number?
True
Is 4514791 a composite number?
False
Is 12121523 composite?
True
Is 10028209 prime?
True
Is 1617761 a composite number?
True
Is 81971849 a prime number?
True
Is 11747641 a prime number?
False
Is 33588131 composite?
False
Is 218819497 prime?
False
Is 44251258 a prime number?
False
Is 17217917 a prime number?
True
Is 24169759 composite?
False
Is 49949759 a prime number?
False
Is 14428327 composite?
False
Is 1932181 a prime number?
True
Is 5723593 prime?
True
Is 427994269 composite?
True
Is 2486371 a composite number?
False
Is 4717777 a prime number?
True
Is 10485103 a prime number?
True
Is 23536547 a composite number?
False
Is 1471301 prime?
False
Is 506692709 composite?
False
Is 3630053 a prime number?
False
Is 178053791 prime?
True
Is 65568497 a composite number?
False
Is 60493 a composite number?
False
Is 4280138 a prime number?
False
Is 14526971 prime?
True
Is 5205157 composite?
True
Is 503938241 prime?
True
Is 908969179 composite?
False
Is 64475989 composite?
False
Is 3158629 prime?
True
Is 112625455 composite?
True
Is 2415629 prime?
True
Is 11856263 a prime number?
False
Is 8753947 a composite number?
False
Is 39878491 a prime number?
False
Is 24697927 a prime number?
True
Is 1430987 composite?
False
Is 87843269 a prime number?
True
Is 521 a composite number?
False
Is 9005989 prime?
True
Is 318663823 composite?
True
Is 478349 a prime number?
False
Is 7112297 a composite number?
False
Is 466033 composite?
False
Is 14702081 a composite number?
False
Is 39703337 a prime number?
True
Is 38927963 a composite number?
False
Is 2168183 prime?
True
Is 162413 a prime number?
True
Is 89783921 composite?
False
Is 292885647 prime?
False
Is 7754413 prime?
False
Is 30165479 prime?
True
Is 30313411 composite?
False
Is 177209 a prime number?
True
Is 470541413 prime?
True
Is 181132379 composite?
False
Is 12021383 prime?
False
Is 648866497 composite?
False
Is 50244049 composite?
False
Is 773167 a prime number?
False
Is 2816537 prime?
True
Is 654871 a prime number?
False
Is 1966183 a prime number?
False
Is 7763683 a prime number?
True
Is 353367359 a composite number?
True
Is 23809309 a prime number?
True
Is 9938381 a composite number?
True
Is 263933927 composite?
False
Is 47272217 prime?
True
Is 4180021 composite?
True
Is 563999 a prime number?
True
Is 387127021 a composite number